12) to base 10.
194
Convert -61570 (base 9) to base 2.
-1001111001110011
What is 4672 (base 9) in base 15?
1062
What is -151 (base 11) in base 16?
-b1
Convert -10022022 (base 3) to base 13.
-1136
dcc (base 16) to base 10
3532
Convert -45713 (base 9) to base 13.
-10b39
Convert -a1b (base 12) to base 8.
-2667
1616 (base 14) to base 5
111230
What is 123140 (base 6) in base 9?
16166
What is -b9bc (base 16) in base 8?
-134674
What is 550 (base 8) in base 7?
1023
-39061 (base 10) to base 2
-1001100010010101
-200110 (base 4) to base 5
-31233
-1758 (base 9) to base 3
-1211222
2025 (base 6) to base 8
701
441 (base 8) to base 14
169
211 (base 5) to base 8
70
1545 (base 7) to base 2
1001101101
Convert -13612 (base 7) to base 16.
-e95
-3123 (base 6) to base 8
-1273
-22 (base 16) to base 9
-37
What is 1204 (base 15) in base 9?
5224
Convert -115661 (base 7) to base 16.
-530c
Convert 31311 (base 5) to base 3.
2212002
d3 (base 14) to base 6
505
Convert 1895 (base 14) to base 8.
10533
Convert 3232200 (base 4) to base 11.
10517
Convert -3851 (base 9) to base 13.
-1408
-23702 (base 9) to base 13
-72c5
-100100001100 (base 2) to base 13
-1092
Convert 16051 (base 7) to base 14.
18d1
-3524 (base 8) to base 15
-851
What is -3bac (base 16) in base 5?
-442101
Convert -386 (base 9) to base 10.
-321
What is -266 (base 16) in base 8?
-1146
What is 2d8b (base 16) in base 14?
436b
What is -10202 (base 5) in base 6?
-3045
What is 273 (base 15) in base 7?
1425
What is -2476 (base 11) in base 6?
-22541
Convert 18cb (base 14) to base 6.
32443
Convert 4 (base 15) to base 9.
4
What is -2a92 (base 12) in base 14?
-1b78
Convert 10100101 (base 3) to base 13.
1159
1314 (base 15) to base 8
7745
808 (base 14) to base 12
ab4
-333321 (base 4) to base 2
-111111111001
Convert 445 (base 10) to base 13.
283
What is -111a (base 15) in base 11?
-27a6
What is -3688 (base 10) in base 15?
-115d
-451 (base 15) to base 11
-808
What is 122001 (base 3) in base 8?
714
Convert -7624 (base 9) to base 13.
-2728
Convert -2613 (base 15) to base 8.
-17666
What is -2122410 (base 5) in base 2?
-1000110010001100
What is c423 (base 13) in base 6?
325153
What is 5646 (base 9) in base 16?
104d
1f7 (base 16) to base 8
767
592 (base 11) to base 4
23002
353 (base 14) to base 10
661
Convert -65345 (base 7) to base 11.
-1127a
What is -a1cb (base 14) in base 6?
-332435
What is -6b47 (base 14) in base 11?
-13045
-65513 (base 7) to base 14
-5d7a
214 (base 7) to base 11
9a
Convert 1002212 (base 3) to base 9.
1085
-a22 (base 16) to base 13
-1247
Convert -1255 (base 7) to base 13.
-2b0
What is 356 (base 12) in base 8?
762
-24120 (base 8) to base 4
-2201100
-1793 (base 14) to base 3
-12211020
What is -7124 (base 9) in base 16?
-1456
What is -62 (base 10) in base 5?
-222
What is -6007 (base 8) in base 6?
-22131
What is 202 (base 4) in base 9?
37
Convert -9862 (base 12) to base 2.
-100000110001010
What is -3378 (base 10) in base 14?
-1334
Convert -12256 (base 7) to base 9.
-4374
Convert 435 (base 6) to base 7.
326
1a7 (base 15) to base 9
464
Convert 252 (base 9) to base 16.
d1
What is 1000110110 (base 2) in base 6?
2342
Convert -1000001001000011 (base 2) to base 10.
-33347
2230 (base 9) to base 14
859
What is -110000010 (base 2) in base 12?
-282
What is 892 (base 10) in base 4?
31330
Convert 19b (base 15) to base 13.
227
What is 154a (base 12) in base 8?
4712
Convert -7063 (base 9) to base 13.
-246c
What is 763 (base 12) in base 11?
8a5
Convert -406 (base 10) to base 11.
-33a
What is -1021230 (base 4) in base 3?
-20110200
Convert a2 (base 15) to base 11.
129
Convert 123a0 (base 14) to base 13.
17413
Convert 839 (base 11) to base 6.
4402
Convert 1b0b (base 16) to base 11.
5224
What is -145 (base 13) in base 4?
-3202
Convert 16915 (base 12) to base 2.
111111010100001
Convert -bb0a (base 14) to base 13.
-11956
Convert -180 (base 13) to base 14.
-157
-21710 (base 11) to base 2
-111101011101111
1045 (base 6) to base 3
100002
Convert 1212111 (base 4) to base 13.
2c9a
Convert 2444 (base 5) to base 15.
19e
What is -58b (base 14) in base 11?
-913
254 (base 11) to base 16
12d
What is -10001010100101 (base 2) in base 8?
-21245
Convert -3892 (base 13) to base 12.
-47ba
What is -1228 (base 10) in base 16?
-4cc
What is 10216 (base 7) in base 10?
2512
What is 2588 (base 16) in base 14?
3704
Convert 960 (base 10) to base 6.
4240
What is a4 (base 16) in base 8?
244
Convert -4397 (base 13) to base 11.
-7093
What is -6543 (base 8) in base 5?
-102202
Convert 444 (base 16) to base 13.
660
What is 73c0 (base 15) in base 11?
17435
Convert -2148 (base 14) to base 3.
-21212220
c668 (base 13) to base 15
820e
What is 41714 (base 8) in base 5?
1023411
100 (base 12) to base 5
1034
1088a (base 12) to base 7
121060
-1000101110110 (base 2) to base 3
-20010120
What is 1402 (base 9) in base 6?
4515
-4551 (base 6) to base 15
-4ba
Convert -356 (base 9) to base 10.
-294
What is -17c (base 15) in base 7?
-666
Convert 405 (base 6) to base 2.
10010101
341111 (base 5) to base 13
5626
What is 244 (base 6) in base 13?
79
What is -20152 (base 6) in base 7?
-10520
What is 12560 (base 14) in base 10?
44968
3144 (base 6) to base 4
23020
Convert -647 (base 10) to base 9.
-788
Convert -4110 (base 9) to base 5.
-44011
What is 189e (base 15) in base 4?
1103030
What is -12554 (base 8) in base 10?
-5484
-10763 (base 10) to base 8
-25013
3920 (base 12) to base 4
1211220
What is 7457 (base 11) in base 7?
40520
What is 17025 (base 11) in base 8?
56661
-108c (base 14) to base 6
-21140
Convert -71362 (base 8) to base 4.
-13023302
Convert -322224 (base 5) to base 4.
-2222323
What is 514223 (base 6) in base 3?
2002102020
-13131 (base 4) to base 13
-2a9
What is -10222000 (base 3) in base 15?
-cc9
What is -25476 (base 9) in base 8?
-41410
315 (base 14) to base 8
1137
What is acb (base 14) in base 8?
4133
Convert 10001100101001 (base 2) to base 12.
5261
60601 (base 7) to base 12
8611
Convert -2a44 (base 11) to base 3.
-12101012
What is -2022 (base 11) in base 2?
-101001111110
3b3b (base 16) to base 3
202210121
What is -5b (base 16) in base 15?
-61
What is -2053 (base 6) in base 11?
-393
Convert -cbbc (base 15) to base 9.
-65166
4900 (base 10) to base 3
20201111
-451302 (base 6) to base 9
-57002
What is 11031001 (base 4) in base 14?
7aa5
-120641 (base 7) to base 9
-33068
Convert 41546 (base 8) to base 7.
101206
-10101110 (base 2) to base 12
-126
e66 (base 15) to base 14
127c
Convert 3239 (base 13) to base 5.
210402
What is -23303033 (base 4) in base 7?
-260630
3365 (base 11) to base 15
14a2
6a8a (base 11) to base 5
244134
-1538 (base 16) to base 9
-7405
What is cb4c (base 13) in base 12?
14453
What is -30333 (base 5) in base 16?
-7b0
What is -442 (base 8) in base 15?
-145
Convert -1441 (base 10) to base 6.
-10401
Convert 22303000 (base 4) to base 3.
2020122221
Convert -3653 (base 11) to base 8.
-11251
Convert -31 (base 14) to base 16.
-2b
What is 40c (base 13) in base 11?
576
What is 7d (base 16) in base 14?
8d
-663 (base 15) to base 2
-10110100011
What is -488e (base 16) in base 8?
-44216
What is -22412 (base 6) in base 8?
-6150
What is -26 (base 16) in base 6?
-102
Convert 10101011000001 (base 2) to base 15.
339a
Convert -202 (base 3) to base 16.
-14
Convert -201123 (base 4) to base 5.
-32024
1102122120 (base 3) to base 16
6e10
-164 (base 15) to base 12
-227
8513 (base 9) to base 7
24135
-103330 (base 4) to base 15
-5a1
Convert 3a5 (base 12) to base 8.
1055
3a34 (base 15) to base 11
9375
-116 (base 9) to base 6
-240
-ca (base 13) to base 9
-204
-3079 (base 16) to base 10
-12409
Convert 22103 (base 7) to base 13.
26a2
Convert 3a0 (base 13) to base 2.
1001111101
Convert 13345 (base 8) to base 16.
16e5
What is -142236 (base 8) in base 4?
-30102132
-522 (base 8) to base 4
-11102
Convert 145145 (base 6) to base 3.
201100102
30001 (base 4) to base 5
11034
Convert -5ba (base 13) to base 4.
-33212
What is 4bb (base 13) in base 5?
11310
Convert -52052 (base 9) to base 14.
-c70a
-10010000011011 (base 2) to base 16
-241b
What is -1a054 (base 14) in base 5?
-4102210
-10100111110111 (base 2) to base 4
-2213313
-10331 (base 4) to base 6
-1245
What is -11001 (base 3) in base 2?
-1101101
What is -1223110 (base 4) in base 10?
-6868
-1055 (base 7) to base 16
-17f
Convert 2629 (base 12) to base 13.
1c